e 0 = -11*b + 14*b - 21. What is the tens digit of a(b)?
8
Suppose 4*h + j - 1442 = 0, 3*j = 5*h + 8*j - 1810. What is the units digit of h?
0
Let u(r) = r**2 + 24*r + 339. What is the units digit of u(-40)?
9
Let z = 73 + 908. What is the hundreds digit of z?
9
Let t(r) = -r**3 - 5*r**2 + 6*r + 4. Let b be (-20)/(-16) + (-1)/4. Let x be b/(51/18 - 3). What is the units digit of t(x)?
4
Let w(p) = 16*p + 5. Let s(u) = -15*u - 4. Let k(l) = -3*s(l) - 2*w(l). What is the tens digit of k(1)?
1
Let g(q) = q**3 - 17*q**2 + 15*q + 18. Let r be g(16). Suppose 1512 = r*v + 7*v. What is the hundreds digit of v?
1
Let o be (-6)/(-2)*10/15. Suppose -3*u + 14 = o. Suppose 8*g + 4*h - 233 = 3*g, u*g = -3*h + 186. What is the units digit of g?
5
Suppose 0 = -d - 141 - 79. What is the hundreds digit of 2/11 + (-33840)/d?
1
Let f(b) = -16 - b + 7*b + 8*b + b**3 - 5*b + 12*b**2. Let y be f(-11). Let r = -5 + y. What is the units digit of r?
1
Suppose -19*j + 14*j = 4*x - 2046, 0 = -5*j + 4*x + 2054. What is the units digit of j?
0
Let g be 11 + (3 - (5 - 3)). Suppose g*k = 15*k - 267. What is the tens digit of k?
8
Let l = -42 - 161. Let m = -6 - l. What is the units digit of m?
7
Let j be 40/(-3 - 8/(-3)). Let y = 449 + j. What is the units digit of y?
9
Suppose 0 = -d + 3*g + 12, -3*d + 6 = -2*g + 3*g. Suppose 2*b = -d + 7. Suppose 3*a = -2*u + 30, -b*a - 3*u + 0*u = -15. What is the tens digit of a?
1
Suppose -p + 9 = 1. Suppose u - p = -3*u. Suppose -2*g - 5*t + 14 = 0, u*t = -4*g + 4*t + 28. What is the units digit of g?
7
Suppose -8*p = -p - 21. Suppose g + 3*b - 43 = 0, 0 = p*g - 0*b - 2*b - 173. What is the units digit of g?
5
Let x = -776 - -1724. What is the units digit of x?
8
Suppose 38*v = 17*v + 32151. What is the tens digit of v?
3
Let z = 5 - 3. What is the tens digit of z + 130/5 + 3?
3
What is the tens digit of (3774/(-185))/((-8)/1780)?
3
Let n(x) = 5*x**3 - 3*x**2 + 4*x + 9. What is the tens digit of n(5)?
7
Let a(n) = -n**3 - 12*n**2 + 20*n + 2. What is the hundreds digit of a(-22)?
4
Suppose -12*t + 18*t - 1548 = 0. What is the hundreds digit of t?
2
Let x = -97 - -23. Let g = 11 + x. Let v = -37 - g. What is the units digit of v?
6
Suppose 3*n = n + 2*z + 262, -4*n = -3*z - 525. Let x = n + -28. What is the units digit of x?
4
What is the units digit of ((-8)/10)/((24/(-22755))/4)?
4
Let y = -5 + 4. Let m be y - (1 + (1 - 3)). Suppose -h + 5*h - 24 = m. What is the units digit of h?
6
Suppose -3 - 24 = 5*d + 2*q, -2*d + 3*q = 26. Let n = 98 - d. What is the units digit of n?
5
Suppose -3*z = -5*z + 4. Suppose -5*o - 2*w + 79 = 0, 2*o + 3*w = -z*o + 59. What is the tens digit of o?
1
Let m be -2 - (1 - 3) - -69. Let o = m + -27. Suppose d = 3*d - o. What is the tens digit of d?
2
Suppose -5*j + 21 - 16 = 0. Let h be ((-4)/(-10))/(j/30). Suppose 0 = -d + h + 9. What is the tens digit of d?
2
Suppose k - 10 - 1 = 0. Let u(i) = -1 + 11*i + 5*i**2 - 6*i**2 + 2 + 3. What is the units digit of u(k)?
4
Let n(y) = y**3 - 5*y**2 - 61*y + 23. What is the hundreds digit of n(18)?
1
Let v(q) = -q**2 - 32*q - 63. What is the hundreds digit of v(-22)?
1
Suppose -27 = 3*g - 39. Suppose -g*w - 4*u + 133 = u, 0 = -4*w - 2*u + 130. What is the tens digit of w?
3
Suppose 3*k - 3*v + 2*v - 1143 = 0, 0 = -3*k + 3*v + 1143. What is the tens digit of k?
8
Suppose -a + 1560 = 4*n, 65*a = 4*n + 62*a - 1560. What is the units digit of n?
0
Let z be (1*-1)/(14/(-42)). Let r be (-18)/(z + -4 - 1). What is the units digit of (-8)/(-6) - (-6)/r?
2
Let i = -34 - -52. Let l = 13 + i. What is the units digit of l?
1
Let k(y) = 2*y**2 - 1. Let u be k(-1). What is the units digit of (10*u)/(-4*3/(-150))?
5
Let i = 188 + 89. What is the units digit of i?
7
Let w = -2 - -31. Let n = 51 + w. What is the units digit of n?
0
What is the thousands digit of (1610 - -1)*(240/36 - 6)?
1
Let v = 16 + 202. Suppose -h + 3*h = v. Suppose 8 + h = 3*l. What is the tens digit of l?
3
Let g be 10 + 4*(-2)/(-8) + -2. Suppose -7*j = -g*j + 60. What is the units digit of j?
0
Let a = 15 + 8. Suppose 9 = 4*t - a. What is the units digit of t?
8
Let i(x) = -x**3 - 4*x**2 - 6*x - 2. Let w be 2*((-45)/2)/(-3). Suppose 0 = -3*l - w + 3. What is the tens digit of i(l)?
2
Let h(d) = -d**2 - 57*d - 322. What is the units digit of h(-47)?
8
Suppose 5*i - 218 - 882 = 0. Suppose -5*o = -610 - i. Suppose 0 = -4*c + 90 + o. What is the units digit of c?
4
Let k(i) = i**3 - 8*i**2 + 6*i - 9. Let g be k(6). Let z = g - -56. What is the units digit of z?
1
Suppose 0 = -g - 3*g + 2*z + 230, -z = -5*g + 295. Suppose -12 = 3*k - g. What is the tens digit of k?
1
Let h be (-4 - (-7)/2)*4. What is the units digit of 532/6 - 0 - h/6?
9
Suppose 5*x - 5695 - 3765 = 0. What is the thousands digit of x?
1
Let q(c) = 6*c + 2. Let p be q(-2). Let x(j) = -j**3 - 10*j**2 - 2*j + 11. What is the tens digit of x(p)?
3
Suppose -9*d + 13*d = 2028. What is the units digit of d?
7
Suppose 12*v - 36*v = -35736. What is the tens digit of v?
8
Suppose 0 = 10*u - 6078 - 15012. What is the units digit of u?
9
What is the units digit of 4/10 + 342456/285?
2
Let q = 35 - 32. Suppose q*b - 49 - 122 = 0. What is the units digit of b?
7
Let k(y) = -y**3 + y**2 + 7*y - 1. Let a be k(3). Suppose 4*c + 8 = a*h, -3*c + 25 - 1 = h. What is the tens digit of h?
1
Let i be (-22)/(-6) - (3 - (-14)/(-6)). What is the hundreds digit of 9/i + -1*(-107)/1?
1
Let m(o) = 18*o**2 + o + 2. Let a be m(-1). Let t = -15 + a. Suppose -3*b - y = y - 233, 0 = t*b - y - 296. What is the tens digit of b?
7
Suppose -4*c = -8*c + 40. What is the units digit of (-38)/(-95) - (-2336)/c?
4
Let n = -241 - -362. Let t = n + -80. What is the tens digit of t?
4
What is the units digit of (6/(-4))/(2/(-9780)*9)?
5
Suppose -5*l - c + 6*c - 35 = 0, 3*l - 5*c = -19. What is the units digit of -1 - (l/4 - 42)?
3
Let a = 712 + -61. What is the hundreds digit of a?
6
Let b be ((-14)/8)/(2/(-8)). Let p be 0 + -3 + 1 + b. Suppose -5*j + j + p*n + 91 = 0, -4*j + 141 = 5*n. What is the tens digit of j?
2
Suppose 0 = s + 18 - 126. Let y = -131 + 201. Let l = s - y. What is the tens digit of l?
3
Let r(k) = 4*k**2 + 5*k - 21. Let x be r(3). Let c = -24 - -40. Let y = x - c. What is the units digit of y?
4
Let x be -3 + (-12)/(-2) + 43. Let r be x/10 + (-15)/25. Suppose -3*u = 5*l - r - 7, -u + 11 = -2*l. What is the units digit of u?
7
Let n(q) = 17 + 13 + 9*q - 50. What is the tens digit of n(6)?
3
Suppose -6*z - 285 = -3*z. Suppose -1764 = -4*j - 8*j. Let o = j + z. What is the units digit of o?
2
Suppose -6*w - 207 + 6873 = 0. What is the thousands digit of w?
1
Let m = -65 + 34. Suppose 567 - 219 = -6*o. Let w = m - o. What is the tens digit of w?
2
Suppose -7*v = -11*v + 84. Suppose -m + v = -22. What is the tens digit of m?
4
Suppose -2780 = 23*j - 28*j. What is the tens digit of j?
5
Let h = -57 + 73. What is the units digit of (-2)/(h/(-36))*150/9?
5
What is the hundreds digit of -210*(2 + -20)/((-147)/(-14))?
3
What is the tens digit of 615657/741 + 2/13?
3
Let o = 700 - 367. What is the units digit of o?
3
Suppose -24*t + 1066 = -6710. What is the tens digit of t?
2
Let d be (-340)/(-24) + (-1)/6. Let j = 32 - d. Suppose u = -2*p - 3*u + j, p + 3 = u. What is the units digit of p?
1
Suppose 4301 = 6*f - 5731. What is the tens digit of f?
7
What is the tens digit of ((-210)/(-12))/((-1)/(-38))?
6
Let n be (-7 - 2)*(-10)/6. Let c be (3/5)/((-3)/n). What is the tens digit of (-2)/(c/45*1)?
3
Suppose -17*y + 287 = -8128. What is the tens digit of y?
9
Let k = 86 + -29. Suppose -3*j + 8 = -13. Suppose -j*s = -8*s + k. What is the tens digit of s?
5
Suppose 528 = 18*q - 15*q. What is the tens digit of q?
7
Let k = 168 - -367. What is the hundreds digit of k?
5
Let v = 1069 + -932. What is the tens digit of v?
3
Suppose -4*j + j - f + 3209 = 0, -3*f = -3*j + 3213. What is the tens digit of j?
7
Let r(u) be the third derivative of -u**4/8 - 2*u**3/3 + 7*u**2. Let i be r(-15). Suppose -n + 0*n + i = 0. What is the units digit of n?
1
Suppose -30*s + 12 = -33*s. Let a(t) = -2*t**3 - t**2 + 2*t - 5. What is the units digit of a(s)?
9
Let o(t) be the third derivative of -1/2*t**4 + 0 - 3*t**2 + 1/6*t**3 - 1/60*t**5 + 0*t. What is the units digit of o(-12)?
1
Let a(b) = b**3 - 12*